{"id":166,"date":"2015-04-20T19:31:33","date_gmt":"2015-04-20T19:31:33","guid":{"rendered":"http:\/\/monotransistor.de\/?page_id=166"},"modified":"2015-04-20T19:34:24","modified_gmt":"2015-04-20T19:34:24","slug":"grundig-1715","status":"publish","type":"page","link":"https:\/\/monotransistor.de\/?page_id=166","title":{"rendered":"Grundig 1715"},"content":{"rendered":"<p><meta name=\"viewport\" content=\"width=960\" \/><\/p>\n<table style=\"margin: 0px auto;\" width=\"612\">\n<tbody>\n<tr>\n<td style=\"border: none;\">\n<p style=\"text-align:justify;\">Der Grundig Triumph 1715 wurde in den Jahren 1973 bis 1975 gebaut und bildete damals zusammen mit den Typen Triumph 1215 und Triumph 1415 eine Serie tragbarer Fernseher. Mit einer Bilddiagonale von 44 cm war er seinerzeit das gr\u00f6\u00dfte Modell.<\/p>\n<\/td>\n<\/tbody>\n<\/table>\n<div id=\"metaslider-id-169\" style=\"max-width: 600px; margin: 0 auto;\" class=\"ml-slider-3-106-0 metaslider metaslider-flex metaslider-169 ml-slider has-dots-nav ms-theme-default\" role=\"region\" aria-label=\"grundig1715\" data-height=\"400\" data-width=\"600\">\n    <div id=\"metaslider_container_169\">\n        <div id=\"metaslider_169\">\n            <ul class='slides'>\n                <li style=\"display: block; width: 100%;\" class=\"slide-17 ms-image \" aria-roledescription=\"slide\" data-date=\"2015-04-19 19:18:46\" data-filename=\"grundig_1715_1.jpg\" data-slide-type=\"image\"><img loading=\"lazy\" decoding=\"async\" width=\"1617\" height=\"1078\" src=\"https:\/\/monotransistor.de\/wp-content\/uploads\/2015\/04\/grundig_1715_1.jpg\" class=\"slider-169 slide-17 msDefaultImage\" alt=\"\" rel=\"\" title=\"\" style=\"margin-top: 4.736951571734E-15%\" srcset=\"https:\/\/monotransistor.de\/wp-content\/uploads\/2015\/04\/grundig_1715_1.jpg 1617w, https:\/\/monotransistor.de\/wp-content\/uploads\/2015\/04\/grundig_1715_1-300x200.jpg 300w, https:\/\/monotransistor.de\/wp-content\/uploads\/2015\/04\/grundig_1715_1-1024x683.jpg 1024w\" sizes=\"auto, (max-width: 1617px) 100vw, 1617px\" \/><\/li>\n                <li style=\"display: none; width: 100%;\" class=\"slide-18 ms-image \" aria-roledescription=\"slide\" data-date=\"2015-04-19 19:19:01\" data-filename=\"grundig_1715_2.jpg\" data-slide-type=\"image\"><img loading=\"lazy\" decoding=\"async\" width=\"1482\" height=\"988\" src=\"https:\/\/monotransistor.de\/wp-content\/uploads\/2015\/04\/grundig_1715_2.jpg\" class=\"slider-169 slide-18 msDefaultImage\" alt=\"\" rel=\"\" title=\"\" style=\"margin: 0 auto; width: 100%\" srcset=\"https:\/\/monotransistor.de\/wp-content\/uploads\/2015\/04\/grundig_1715_2.jpg 1482w, https:\/\/monotransistor.de\/wp-content\/uploads\/2015\/04\/grundig_1715_2-300x200.jpg 300w, https:\/\/monotransistor.de\/wp-content\/uploads\/2015\/04\/grundig_1715_2-1024x683.jpg 1024w\" sizes=\"auto, (max-width: 1482px) 100vw, 1482px\" \/><\/li>\n                <li style=\"display: none; width: 100%;\" class=\"slide-19 ms-image \" aria-roledescription=\"slide\" data-date=\"2015-04-19 19:19:18\" data-filename=\"grundig_1715_3.jpg\" data-slide-type=\"image\"><img loading=\"lazy\" decoding=\"async\" width=\"1305\" height=\"870\" src=\"https:\/\/monotransistor.de\/wp-content\/uploads\/2015\/04\/grundig_1715_3.jpg\" class=\"slider-169 slide-19 msDefaultImage\" alt=\"\" rel=\"\" title=\"\" style=\"margin: 0 auto; width: 100%\" srcset=\"https:\/\/monotransistor.de\/wp-content\/uploads\/2015\/04\/grundig_1715_3.jpg 1305w, https:\/\/monotransistor.de\/wp-content\/uploads\/2015\/04\/grundig_1715_3-300x200.jpg 300w, https:\/\/monotransistor.de\/wp-content\/uploads\/2015\/04\/grundig_1715_3-1024x683.jpg 1024w\" sizes=\"auto, (max-width: 1305px) 100vw, 1305px\" \/><\/li>\n                <li style=\"display: none; width: 100%;\" class=\"slide-20 ms-image \" aria-roledescription=\"slide\" data-date=\"2015-04-19 19:19:27\" data-filename=\"grundig_1715_4.jpg\" data-slide-type=\"image\"><img loading=\"lazy\" decoding=\"async\" width=\"1640\" height=\"1093\" src=\"https:\/\/monotransistor.de\/wp-content\/uploads\/2015\/04\/grundig_1715_4.jpg\" class=\"slider-169 slide-20 msDefaultImage\" alt=\"\" rel=\"\" title=\"\" style=\"margin-top: 0.010162601626016%\" srcset=\"https:\/\/monotransistor.de\/wp-content\/uploads\/2015\/04\/grundig_1715_4.jpg 1640w, https:\/\/monotransistor.de\/wp-content\/uploads\/2015\/04\/grundig_1715_4-300x200.jpg 300w, https:\/\/monotransistor.de\/wp-content\/uploads\/2015\/04\/grundig_1715_4-1024x682.jpg 1024w\" sizes=\"auto, (max-width: 1640px) 100vw, 1640px\" \/><\/li>\n            <\/ul>\n        <\/div>\n        \n    <\/div>\n<\/div>\n<p>&nbsp;<\/p>\n<table style=\"border: none;\" width=\"612\">\n<tbody>\n<tr>\n<td style=\"border: none;\">\n<p style=\"text-align: left;\"><span style=\"text-decoration: underline;\">Urspr\u00fcngliche technische Daten<\/span><\/p>\n<p>Gewicht: 14 kg<br \/>\nBatteriespannung: 12 V<br \/>\nNetzspannung: 220 V, Wechselstrom<br \/>\nAufnahme bei 220 V: 35 W<br \/>\nAufnahme bei Batteriebetrieb: 20 W<br \/>\nSicherungen: 400 mAT, 2,5 AT<br \/>\nBildr\u00f6hre: A 44 &#8211; 280 W<br \/>\nTransistoren: 17<br \/>\nThyristoren: 1<br \/>\nDioden und Gleichrichter: 33<br \/>\nIntegrierte Schaltkreise: 9<br \/>\nAntennen-Eingang: 75 \u03a9 (VHF + UHF)<br \/>\n(nach DIN 45325)<br \/>\nEmpfangsbereiche: Kan\u00e4le 2 &#8230; 12 (VHF)<br \/>\nKan\u00e4le 21 &#8230; 60\/68 (UHF)<br \/>\nBild-ZF: 38,9 MHz<br \/>\nTon-ZF: 1 W<br \/>\nLautsprecher: 1, (15 \u03a9 \/ 0,7 Tesla)<br \/>\nBesonderheiten: Eingebaute Teleskop-Antenne,<br \/>\nAnschluss f\u00fcr Kleinh\u00f6rer und Kopfh\u00f6rer<br \/>\nnach DIN 45318, Sonnenblende<\/td>\n<td style=\"border: none;\">\n<p style=\"text-align: left;\"><span style=\"text-decoration: underline;\">Technische Daten nach Umbau<\/span><\/p>\n<p>Gewicht: ca. 8 kg<br \/>\nNetzspannung: 100 &#8211; 240 V, Wechselstrom<br \/>\nAufnahme bei 220 V: &lt; 60 W<br \/>\nBildschirm: 17 Zoll LCD<br \/>\nSeitenverh\u00e4ltnis: 4:3<br \/>\nAufl\u00f6sung: max. 1280&#215;1024<br \/>\nTuner: Analog<br \/>\nSCART<br \/>\nS-Video<br \/>\nComposite AV<br \/>\nVGA<br \/>\nAudio-Out (Klinke 3,5)<br \/>\nLautsprecher: 2 x 2 W<br \/>\nBesonderheiten: Fernbedienung, Sonnenblende<\/td>\n<\/tr>\n<\/tbody>\n<\/table>\n","protected":false},"excerpt":{"rendered":"<p>Der Grundig Triumph 1715 wurde in den Jahren 1973 bis 1975 gebaut und bildete damals zusammen mit den Typen Triumph 1215 und Triumph 1415 eine Serie tragbarer Fernseher. Mit einer Bilddiagonale von 44 cm war er seinerzeit das gr\u00f6\u00dfte Modell. &nbsp; Urspr\u00fcngliche technische Daten Gewicht: 14 kg Batteriespannung: 12 V Netzspannung: 220 V, Wechselstrom Aufnahme [&hellip;]<\/p>\n","protected":false},"author":1,"featured_media":0,"parent":0,"menu_order":0,"comment_status":"closed","ping_status":"closed","template":"","meta":{"footnotes":""},"class_list":["post-166","page","type-page","status-publish","hentry"],"_links":{"self":[{"href":"https:\/\/monotransistor.de\/index.php?rest_route=\/wp\/v2\/pages\/166","targetHints":{"allow":["GET"]}}],"collection":[{"href":"https:\/\/monotransistor.de\/index.php?rest_route=\/wp\/v2\/pages"}],"about":[{"href":"https:\/\/monotransistor.de\/index.php?rest_route=\/wp\/v2\/types\/page"}],"author":[{"embeddable":true,"href":"https:\/\/monotransistor.de\/index.php?rest_route=\/wp\/v2\/users\/1"}],"replies":[{"embeddable":true,"href":"https:\/\/monotransistor.de\/index.php?rest_route=%2Fwp%2Fv2%2Fcomments&post=166"}],"version-history":[{"count":4,"href":"https:\/\/monotransistor.de\/index.php?rest_route=\/wp\/v2\/pages\/166\/revisions"}],"predecessor-version":[{"id":172,"href":"https:\/\/monotransistor.de\/index.php?rest_route=\/wp\/v2\/pages\/166\/revisions\/172"}],"wp:attachment":[{"href":"https:\/\/monotransistor.de\/index.php?rest_route=%2Fwp%2Fv2%2Fmedia&parent=166"}],"curies":[{"name":"wp","href":"https:\/\/api.w.org\/{rel}","templated":true}]}}